{"id":2,"date":"2024-12-25T17:10:23","date_gmt":"2024-12-25T17:10:23","guid":{"rendered":"https:\/\/skivr.com\/home\/skivr\/public_html\/?page_id=2"},"modified":"2024-12-25T18:29:19","modified_gmt":"2024-12-25T17:29:19","slug":"sample-page","status":"publish","type":"page","link":"https:\/\/skivr.com\/","title":{"rendered":""},"content":{"rendered":"\n<p>Les noms de domaine SKIVR.COM, SKIVR.CH, SKIVR.EU et SKIVR.FR sont \u00e0 la vente (cession d\u00e9finitive du domaine par changement de propri\u00e9taire au registre).<\/p>\n\n\n\n<p>Si vous \u00eates int\u00e9ress\u00e9, merci de faire une offre appropri\u00e9e par email \u00e0 support \/at\/ domedia.net ou par t\u00e9l\u00e9phone: +33\u00a09\u00a053\u00a005\u00a041\u00a045 \/ +41\u00a022\u00a0518\u00a00277.<\/p>\n\n\n\n<p><\/p>\n\n\n\n<p>Domain names SKIVR.COM, SKIVR.CH, SKIVR.EU and\u00a0SKIVR.FR are avalaible for sale (final transfer by owner change at registrar).<\/p>\n\n\n\n<p>If you are interested, please submit an offer by email at support \/at\/ domedia.net or by phone at: +33\u00a09\u00a053\u00a005\u00a041\u00a045 \/ 741 22\u00a0518\u00a00277.<\/p>\n","protected":false},"excerpt":{"rendered":"<p>Les noms de domaine SKIVR.COM, SKIVR.CH, SKIVR.EU et SKIVR.FR sont \u00e0 la vente (cession d\u00e9finitive du domaine par changement de propri\u00e9taire au registre). Si vous \u00eates int\u00e9ress\u00e9, merci de faire une offre appropri\u00e9e par email \u00e0 support \/at\/ domedia.net ou par t\u00e9l\u00e9phone: +33\u00a09\u00a053\u00a005\u00a041\u00a045 \/ +41\u00a022\u00a0518\u00a00277. Domain names SKIVR.COM, SKIVR.CH, SKIVR.EU and\u00a0SKIVR.FR are avalaible for sale [&hellip;]<\/p>\n","protected":false},"author":1,"featured_media":0,"parent":0,"menu_order":0,"comment_status":"closed","ping_status":"open","template":"","meta":{"footnotes":""},"class_list":["post-2","page","type-page","status-publish","hentry"],"_links":{"self":[{"href":"https:\/\/skivr.com\/index.php?rest_route=\/wp\/v2\/pages\/2","targetHints":{"allow":["GET"]}}],"collection":[{"href":"https:\/\/skivr.com\/index.php?rest_route=\/wp\/v2\/pages"}],"about":[{"href":"https:\/\/skivr.com\/index.php?rest_route=\/wp\/v2\/types\/page"}],"author":[{"embeddable":true,"href":"https:\/\/skivr.com\/index.php?rest_route=\/wp\/v2\/users\/1"}],"replies":[{"embeddable":true,"href":"https:\/\/skivr.com\/index.php?rest_route=%2Fwp%2Fv2%2Fcomments&post=2"}],"version-history":[{"count":2,"href":"https:\/\/skivr.com\/index.php?rest_route=\/wp\/v2\/pages\/2\/revisions"}],"predecessor-version":[{"id":17,"href":"https:\/\/skivr.com\/index.php?rest_route=\/wp\/v2\/pages\/2\/revisions\/17"}],"wp:attachment":[{"href":"https:\/\/skivr.com\/index.php?rest_route=%2Fwp%2Fv2%2Fmedia&parent=2"}],"curies":[{"name":"wp","href":"https:\/\/api.w.org\/{rel}","templated":true}]}}